 hundred thousands digit of 593379?
5
What is the hundreds digit of 6519403?
4
What is the millions digit of 1364559?
1
What is the units digit of 266245?
5
What is the units digit of 944358?
8
What is the hundred thousands digit of 4557276?
5
What is the hundred thousands digit of 124770?
1
What is the units digit of 388213?
3
What is the units digit of 3460167?
7
What is the thousands digit of 283540?
3
What is the ten thousands digit of 9156938?
5
What is the thousands digit of 281807?
1
What is the hundreds digit of 7542888?
8
What is the hundreds digit of 1124621?
6
What is the hundred thousands digit of 585493?
5
What is the thousands digit of 103255?
3
What is the hundred thousands digit of 362186?
3
What is the tens digit of 443769?
6
What is the ten thousands digit of 263892?
6
What is the ten thousands digit of 2266345?
6
What is the ten thousands digit of 165510?
6
What is the millions digit of 4649326?
4
What is the thousands digit of 460580?
0
What is the thousands digit of 3620887?
0
What is the tens digit of 3357813?
1
What is the hundreds digit of 27964?
9
What is the tens digit of 6716667?
6
What is the ten thousands digit of 76772?
7
What is the units digit of 6348703?
3
What is the hundred thousands digit of 7981843?
9
What is the hundreds digit of 2646915?
9
What is the ten thousands digit of 1120535?
2
What is the thousands digit of 39683?
9
What is the ten thousands digit of 3085312?
8
What is the hundreds digit of 188234?
2
What is the thousands digit of 81219?
1
What is the ten thousands digit of 6942608?
4
What is the units digit of 6680901?
1
What is the hundred thousands digit of 1181312?
1
What is the hundreds digit of 282851?
8
What is the hundreds digit of 655454?
4
What is the thousands digit of 122883?
2
What is the ten thousands digit of 469153?
6
What is the ten thousands digit of 31980340?
8
What is the ten thousands digit of 2331315?
3
What is the millions digit of 3882124?
3
What is the units digit of 3213501?
1
What is the hundred thousands digit of 443178?
4
What is the units digit of 33980874?
4
What is the tens digit of 89143?
4
What is the hundreds digit of 431996?
9
What is the thousands digit of 466618?
6
What is the hundred thousands digit of 531066?
5
What is the hundreds digit of 18964837?
8
What is the hundred thousands digit of 667707?
6
What is the thousands digit of 1566499?
6
What is the hundreds digit of 251131?
1
What is the units digit of 407402?
2
What is the units digit of 183127?
7
What is the hundred thousands digit of 461726?
4
What is the ten thousands digit of 685883?
8
What is the millions digit of 2812692?
2
What is the tens digit of 845484?
8
What is the hundred thousands digit of 6386415?
3
What is the units digit of 3505660?
0
What is the units digit of 3668599?
9
What is the units digit of 64487?
7
What is the millions digit of 2211248?
2
What is the hundred thousands digit of 5690916?
6
What is the tens digit of 199984?
8
What is the thousands digit of 1412352?
2
What is the units digit of 467801?
1
What is the ten thousands digit of 40814847?
1
What is the hundreds digit of 5335857?
8
What is the millions digit of 2252711?
2
What is the ten thousands digit of 2211381?
1
What is the hundred thousands digit of 2922659?
9
What is the hundreds digit of 34490571?
5
What is the tens digit of 11159338?
3
What is the thousands digit of 1715753?
5
What is the thousands digit of 9868863?
8
What is the ten thousands digit of 4145950?
4
What is the hundreds digit of 6652635?
6
What is the hundreds digit of 2227617?
6
What is the hundred thousands digit of 17073750?
0
What is the units digit of 7892?
2
What is the hundred thousands digit of 393211?
3
What is the thousands digit of 218191?
8
What is the units digit of 164925?
5
What is the units digit of 11678366?
6
What is the ten thousands digit of 274013?
7
What is the units digit of 126426?
6
What is the ten thousands digit of 74596?
7
What is the tens digit of 643596?
9
What is the hundred thousands digit of 28072823?
0
What is the hundreds digit of 246895?
8
What is the ten thousands digit of 89936?
8
What is the thousands digit of 63916?
3
What is the tens digit of 749571?
7
What is the units digit of 117595?
5
What is the tens digit of 3561500?
0
What is the units digit of 10457224?
4
What is the tens digit of 6883?
8
What is the ten thousands digit of 2379502?
7
What is the tens digit of 365095?
9
What is the hundreds digit of 17481444?
4
What is the tens digit of 8642211?
1
What is the ten thousands digit of 1474867?
7
What is the units digit of 1006991?
1
What is the tens digit of 928515?
1
What is the units digit of 8712014?
4
What is the hundred thousands digit of 23220092?
2
What is the ten thousands digit of 67797?
6
What is the thousands digit of 579145?
9
What is the thousands digit of 4754275?
4
What is the tens digit of 19807641?
4
What is the hundreds digit of 13407374?
3
What is the thousands digit of 17211811?
1
What is the units digit of 10493277?
7
What is the units digit of 27361?
1
What is the units digit of 19175266?
6
What is the hundreds digit of 375728?
7
What is the thousands digit of 1416897?
6
What is the tens digit of 404723?
2
What is the units digit of 488990?
0
What is the tens digit of 203086?
8
What is the ten thousands digit of 1044411?
4
What is the hundred thousands digit of 6729120?
7
What is the thousands digit of 528735?
8
What is the ten thousands digit of 268709?
6
What is the hundred thousands digit of 2982645?
9
What is the tens digit of 2231087?
8
What is the hundreds digit of 575685?
6
What is the tens digit of 252935?
3
What is the hundred thousands digit of 967352?
9
What is the hundred thousands digit of 193615?
1
What is the tens digit of 3832726?
2
What is the ten thousands digit of 2915375?
1
What is the thousands digit of 6661369?
1
What is the tens digit of 5660146?
4
What is the units digit of 1183995?
5
What is the hundreds digit of 10820368?
3
What is the units digit of 2501768?
8
What is the units digit of 16977740?
0
What is the thousands digit of 12612713?
2
What is the hundred thousands digit of 2836282?
8
What is the units digit of 224966?
6
What is the hundreds digit of 833366?
3
What is the units digit of 969956?
6
What is the units digit of 1920525?
5
What is the hundred thousands digit of 244868?
2
What is the units digit of 747937?
7
What is the hundred thousands digit of 1432978?
4
What is the ten thousands digit of 2479533?
7
What is the ten thousands digit of 20946420?
4
What is the tens digit of 11977606?
0
What is the thousands digit of 2829455?
9
What is the hundred thousands digit of 167596?
1
What is the units digit of 576529?
9
What is the units digit of 365929?
9
What is the hundreds digit of 28808759?
7
What is the tens digit of 147894?
9
What is the ten millions digit of 23271490?
2
What is the tens digit of 1662665?
6
What is the ten thousands digit of 704609?
0
What is the hundreds digit of 1668382?
3
What is the thousands digit of 15194655?
4
What is the units digit of 285811?
1
What is the ten millions digit of 11287371?
1
What is the thousands digit of 189943?
9
What is the units digit of 708440?
0
What is the tens digit of 128181?
8
What is the units digit of 5414471?
1
What is the thousands digit of 41488?
1
What is the hundreds digit of 5071387?
3
What is the thousands digit of 879676?
9
What is the millions digit of 16974373?
6
What is the ten thousands digit of 1232991?
3
What is the thousands digit of 14020386?
0
What is the tens digit of 107150?
5
What is the millions digit of 5368739?
5
What is the ten thousands digit of 1098466?
9
What is the hundreds digit of 744608?
6
What is the hundreds digit of 326280?
2
What is the ten thousands digit of 374836?
7
What is the units digit of 40501104?
4
What is the tens digit of 90717?
1
What is the hundreds digit of 1188613?
6
What is the ten thousands digit of 87969?
8
What is the hundreds digit of 520983?
9
What is the units digit of 821958?
8
What is the units digit of 12580713?
3
What is the tens digit of 293581?
8
What is the units digit of 707743?
3
What is the units digit of 400700?
0
What is the thousands digit of 62024?
2
What is the hundreds digit of 130204?
2
What is the ten thousands di